5 is divided by 39.
28
What is the remainder when 1662 is divided by 321?
57
What is the remainder when 704 is divided by 179?
167
What is the remainder when 141 is divided by 105?
36
What is the remainder when 251 is divided by 6?
5
What is the remainder when 875 is divided by 174?
5
Calculate the remainder when 1224 is divided by 49.
48
Calculate the remainder when 5673 is divided by 34.
29
What is the remainder when 215 is divided by 203?
12
What is the remainder when 8266 is divided by 212?
210
Calculate the remainder when 1458 is divided by 484.
6
Calculate the remainder when 909 is divided by 38.
35
Calculate the remainder when 108 is divided by 24.
12
What is the remainder when 52 is divided by 9?
7
Calculate the remainder when 456 is divided by 262.
194
Calculate the remainder when 54 is divided by 8.
6
What is the remainder when 118 is divided by 35?
13
Calculate the remainder when 1739 is divided by 43.
19
Calculate the remainder when 15042 is divided by 4.
2
Calculate the remainder when 630 is divided by 188.
66
What is the remainder when 36 is divided by 9?
0
What is the remainder when 2543 is divided by 134?
131
Calculate the remainder when 5548 is divided by 16.
12
What is the remainder when 69 is divided by 46?
23
What is the remainder when 841 is divided by 94?
89
What is the remainder when 2530 is divided by 27?
19
Calculate the remainder when 513 is divided by 81.
27
What is the remainder when 144 is divided by 27?
9
Calculate the remainder when 5975 is divided by 139.
137
Calculate the remainder when 277 is divided by 13.
4
Calculate the remainder when 51 is divided by 43.
8
Calculate the remainder when 1349 is divided by 123.
119
What is the remainder when 768 is divided by 9?
3
Calculate the remainder when 9995 is divided by 294.
293
Calculate the remainder when 845 is divided by 37.
31
What is the remainder when 2150 is divided by 19?
3
What is the remainder when 154 is divided by 9?
1
What is the remainder when 138 is divided by 24?
18
What is the remainder when 278 is divided by 92?
2
What is the remainder when 561 is divided by 175?
36
What is the remainder when 2174 is divided by 7?
4
Calculate the remainder when 317 is divided by 53.
52
Calculate the remainder when 454 is divided by 9.
4
Calculate the remainder when 2384 is divided by 30.
14
What is the remainder when 74 is divided by 41?
33
What is the remainder when 782 is divided by 8?
6
What is the remainder when 650 is divided by 59?
1
What is the remainder when 115 is divided by 36?
7
Calculate the remainder when 72 is divided by 63.
9
Calculate the remainder when 1516 is divided by 308.
284
What is the remainder when 2533 is divided by 15?
13
What is the remainder when 581 is divided by 136?
37
Calculate the remainder when 30 is divided by 4.
2
What is the remainder when 1012 is divided by 499?
14
Calculate the remainder when 1043 is divided by 24.
11
What is the remainder when 453 is divided by 31?
19
What is the remainder when 654 is divided by 47?
43
What is the remainder when 243 is divided by 131?
112
Calculate the remainder when 1023 is divided by 331.
30
What is the remainder when 4058 is divided by 9?
8
Calculate the remainder when 5103 is divided by 146.
139
What is the remainder when 150 is divided by 50?
0
What is the remainder when 2227 is divided by 248?
243
Calculate the remainder when 659 is divided by 65.
9
Calculate the remainder when 313 is divided by 70.
33
What is the remainder when 125 is divided by 14?
13
What is the remainder when 3925 is divided by 119?
117
What is the remainder when 555 is divided by 71?
58
Calculate the remainder when 564 is divided by 142.
138
What is the remainder when 1926 is divided by 287?
204
Calculate the remainder when 558 is divided by 189.
180
What is the remainder when 397 is divided by 20?
17
What is the remainder when 285 is divided by 36?
33
Calculate the remainder when 1759 is divided by 80.
79
Calculate the remainder when 505 is divided by 30.
25
What is the remainder when 19 is divided by 8?
3
Calculate the remainder when 173 is divided by 26.
17
What is the remainder when 284 is divided by 22?
20
Calculate the remainder when 1715 is divided by 173.
158
Calculate the remainder when 164 is divided by 73.
18
Calculate the remainder when 2204 is divided by 63.
62
What is the remainder when 664 is divided by 116?
84
What is the remainder when 830 is divided by 412?
6
Calculate the remainder when 333 is divided by 123.
87
What is the remainder when 159 is divided by 6?
3
What is the remainder when 90 is divided by 82?
8
What is the remainder when 197 is divided by 103?
94
What is the remainder when 63 is divided by 32?
31
What is the remainder when 182 is divided by 35?
7
Calculate the remainder when 239 is divided by 61.
56
What is the remainder when 1482 is divided by 3?
0
Calculate the remainder when 81 is divided by 37.
7
What is the remainder when 1706 is divided by 325?
81
What is the remainder when 141 is divided by 24?
21
What is the remainder when 509 is divided by 103?
97
What is the remainder when 61 is divided by 49?
12
What is the remainder when 2747 is divided by 10?
7
Calculate the remainder when 183 is divided by 40.
23
Calculate the remainder when 164 is divided by 15.
14
What is the remainder when 3697 is divided by 148?
145
Calculate the remainder when 137 is divided by 53.
31
What is the remainder when 96 is divided by 42?
12
What is the remainder when 25 is divided by 15?
10
What is the remainder when 74 is divided by 26?
22
What is the remainder when 24 is divided by 10?
4
Calculate the remainder when 252 is divided by 40.
12
Calculate the remainder when 98 is divided by 4.
2
What is the remainder when 14 is divided by 6?
2
What is the remainder when 421 is divided by 419?
2
What is the remainder when 671 is divided by 96?
95
Calculate the remainder when 129 is divided by 15.
9
What is the remainder when 140 is divided by 23?
2
What is the remainder when 80 is divided by 29?
22
Calculate the remainder when 91 is divided by 19.
15
Calculate the remainder when 1182 is divided by 239.
226
What is the remainder when 3212 is divided by 34?
16
What is the remainder when 61435 is divided by 34?
31
What is the remainder when 548 is divided by 111?
104
Calculate the remainder when 1631 is divided by 91.
84
What is the remainder when 254 is divided by 16?
14
Calculate the remainder when 286 is divided by 12.
10
Calculate the remainder when 176 is divided by 12.
8
Calculate the remainder when 14401 is divided by 215.
211
What is the remainder when 1796 is divided by 1786?
10
What is the remainder when 224 is divided by 25?
24
What is the remainder when 849 is divided by 71?
68
What is the remainder when 879 is divided by 126?
123
Calculate the remainder when 127 is divided by 78.
49
What is the remainder when 736 is divided by 234?
34
Calculate the remainder when 894 is divided by 56.
54
What is the remainder when 2233 is divided by 247?
10
What is the remainder when 1054 is divided by 46?
42
Calculate the remainder when 186 is divided by 55.
21
Calculate the remainder when 376 is divided by 190.
186
What is the remainder when 197 is divided by 5?
2
Calculate the remainder when 214 is divided by 55.
49
Calculate the remainder when 133 is divided by 31.
9
Calculate the remainder when 529 is divided by 14.
11
Calculate the remainder when 542 is divided by 68.
66
Calculate the remainder when 291 is divided by 99.
93
What is the remainder when 510 is divided by 19?
16
Calculate the remainder when 3689 is divided by 26.
23
What is the remainder when 57 is divided by 24?
9
What is the remainder when 164 is divided by 112?
52
What is the remainder when 313 is divided by 9?
7
What is the remainder when 62 is divided by 5?
2
What is the remainder when 163 is divided by 42?
37
Calculate the remainder when 87 is divided by 51.
36
What is the remainder when 102 is divided by 35?
32
What is the remainder when 2305 is divided by 19?
6
What is the remainder when 4448 is divided by 247?
2
Calculate the remainder when 926 is divided by 103.
102
What is the remainder when 1016 is divided by 129?
113
Calculate the remainder when 861 is divided by 277.
30
What is the remainder when 127 is divided by 26?
23
Cal